20. Calculate g(w).
-19
Let a = 37 - 35. Suppose -1 = a*c + 1. Let g(j) = 17*j**3 + j + 1. Give g(c).
-17
Let b(h) = -h + 1. Let s = 22 - 17. Suppose -s*i + 2*z - 4 + 17 = 0, 0 = 4*i + 2*z + 4. Calculate b(i).
0
Suppose j - 2*s = -36, s - 97 = 3*j + 6*s. Let n = 40 + j. Let i(d) = -d**2 + 7*d - 9. Give i(n).
-3
Let t(u) = -u - 22. Let i(b) = -3*b**2 - 7*b + 12. Let m be i(2). Determine t(m).
-8
Let w(q) be the second derivative of 2*q**3/3 - q**2/2 + 2*q. Suppose 0*s - n + 49 = -4*s, -2*s + n - 25 = 0. Let t be (4/(-10))/(-1 + s/(-15)). Calculate w(t).
7
Let x(w) = w**2 - 18*w + 19. Let i be x(17). Let a(q) = 9*q + 1. Determine a(i).
19
Let u = 46 - 40. Let m(l) = l**2 + 5*l + 3. Let t be m(-5). Let q(d) = -d**2 - d**t - 8 + 0*d - 4*d + 8*d**2. Calculate q(u).
4
Let r(l) = -l**3 + 4*l**2 - 2*l - 2. Suppose 4*b - 2 = 3*b. Let a(v) = 3*v - 3. Let z be a(b). Calculate r(z).
1
Let z(u) = u - 5. Let l = -6 - 13. Let a = 24 + l. Let s be z(a). Let r(q) = -q - 6. Determine r(s).
-6
Let n(u) = 4*u**2 - u - 5. Let i(m) = -m**2 - 1. Let w(g) = 4*i(g) - n(g). Suppose 18*z + 6 = 19*z. Suppose -z*b - 2 = 4. What is w(b)?
-8
Let o(x) = -x**2 + 158 - 116 - 59 - x. Let d be (-1)/4 + 1/4. Calculate o(d).
-17
Let b(s) = -s**3 - 4*s**2 + 2*s - 6. Suppose -40*d - 12 = -37*d. Let r be 0 + -1*(-3 + 4) + d. What is b(r)?
9
Let x(g) = g - 3. Let f be -2 - ((-4 - (-16)/2) + -3). Determine x(f).
-6
Let d(u) = -2*u - 74*u**2 + 3*u + 2*u**3 + 71*u**2 + 2*u. Suppose 3*r - 58 = -2*r + 2*h, -r + 5*h + 7 = 0. Suppose 5*p = -2 + r. What is d(p)?
10
Let n(z) = -4*z + 22. Let v be ((-24 + -6)/(-6))/1. What is n(v)?
2
Suppose o - 15 = 5*q, 2*o = 2*q + 17 + 45. Suppose -o = 2*c - 7*c. Let t(f) = -f**3 + 6*f**2 + 7*f + 6. Give t(c).
6
Suppose 0 = -3*w - 2 - 13. Suppose -3*x = r + 2*r + 24, -r + 2*x - 8 = 0. Let d = r - w. Let t(f) = 4*f + 4. What is t(d)?
-8
Suppose 5*x = -2 - 8. Let s(t) be the third derivative of -t**5/30 + t**4/12 + t**3/6 + 40*t**2. Determine s(x).
-11
Let y(t) = 51 + 9*t - 40 - 10*t. Determine y(6).
5
Let s(i) = 504 - 5*i + 9*i**2 - 2*i**2 - i**3 - 501. Give s(6).
9
Suppose 4*a + 14 = -4*g + g, 3*a = -3*g - 9. Let t(r) = r**2 + 3*r - 10. Calculate t(a).
0
Let i(s) be the second derivative of s**5/20 + 11*s**4/12 - 3*s**3/2 + 2*s**2 + 30*s + 4. Give i(-12).
-32
Let k(r) = r**3 + 14*r**2 - 16*r - 22. Let h = 166 - 181. What is k(h)?
-7
Let q(z) = 6*z - 34 + 4*z + 24 - 3*z. Calculate q(4).
18
Suppose 0 = -5*f - 5*d - 20, -2*f = 2*d - 6*d + 20. Let o(i) = -5*i**2 - 8. Let m(b) = 9*b**2 - b + 15. Let c(a) = 6*m(a) + 11*o(a). Determine c(f).
2
Let r(a) = -3*a**3 - 5*a**2 - 5*a - 37. Let l(k) = 2*k**3 + 3*k**2 + 3*k + 23. Let j(o) = -8*l(o) - 5*r(o). What is j(0)?
1
Let o(w) = -4*w + 6 - w - 7*w**2 - w**3 + 6*w. Let u be 5525/(-765) - 4/(-18). Give o(u).
-1
Let b(o) be the third derivative of o**4/12 + 11*o**3/6 + 2*o**2 + 26. What is b(-5)?
1
Suppose 0*k = -3*k - 4*f - 48, 51 = -4*k - f. Let b(p) = -p**3 - 12*p**2 + p + 12. Let t be b(k). Let g(j) = j**3 - j**2 - j + 10. Give g(t).
10
Let u be (-102)/(-27) + 2/9. Suppose 2*b - u = 6. Suppose -b*k - 2*m - 5 = 2, 5*k + m + 6 = 0. Let z(d) = -8*d**3 - 2*d**2 - 2*d - 1. What is z(k)?
7
Let f(l) = -6*l - 11. Let k(n) = 13*n + 8. Let d(s) = 3*s + 2. Let v(m) = 9*d(m) - 2*k(m). Suppose -34 - 120 = 14*u. Let q(w) = u*v(w) - 2*f(w). What is q(1)?
1
Suppose 5*n + r - 46 = n, -2*n = 4*r - 16. Let v(c) = -c**2 + 11*c + 16. Give v(n).
4
Let v(a) = -a. Let o = 23 + -19. Calculate v(o).
-4
Suppose k + 2 = -f, 5*f - 6 = -3*k + 6*k. Let u be 0 + (-4)/k + -2 - -1. Let m(x) = 11*x**3 + x**2 + x - 1. Give m(u).
12
Let w(g) = 9 + g**2 - 3 + 2*g - 8 + 6. Determine w(-4).
12
Let i(y) be the second derivative of y**3/6 - 6*y**2 + 19*y. Give i(9).
-3
Let p be (24/14)/(-3) - (-1139)/119. Suppose 8*n - 15 = p. Let g(f) = f**2 - f - 3. What is g(n)?
3
Let y(n) = n**2 + 2*n + 2. Let b(s) = -4*s**2 - 7*s - 5. Suppose 3*u - 23 + 29 = 0. Let z(l) = u*b(l) - 7*y(l). Calculate z(0).
-4
Let t = -183 - -189. Let b(v) = 2*v**2 + 4*v**2 - 6*v**3 - 2 + 5*v**3 - 2*v. What is b(t)?
-14
Let s(t) = 9*t - 7. Let q(y) = -19*y + 15. Let d(x) = -6*q(x) - 13*s(x). Let c(m) = -m**3 - 4*m**2 + 21*m + 2. Let i be c(-7). Calculate d(i).
-5
Let q(p) be the first derivative of -2*p**3/3 + p**2 + 4*p + 137. Give q(0).
4
Suppose 0 = 4*u + f - 30 - 4, -30 = -4*u + f. Let h be (-2)/u - 207/36. Let y(j) = 2*j. Give y(h).
-12
Let j(f) = 6*f**2. Let o = -80 + 86. Let s(h) = -h + 7. Let u be s(o). What is j(u)?
6
Let v = -129 + 134. Let b = 10 + -7. Suppose b*a + v = -1. Let g(q) = -7*q - 2. Calculate g(a).
12
Suppose 2*m - 53 - 15 = 0. Suppose -5*f + m + 11 = 0. Let h(c) = c**2 - 6*c - 21. Let l be h(f). Let w(r) = r**3 - 6*r**2 - 5. What is w(l)?
-5
Let x(u) = -2 - 650*u - 83*u**3 + 84*u**3 + 652*u + 2*u**2. Calculate x(-4).
-42
Let i(q) be the third derivative of q**5/60 + q**4/3 + q**3/3 - 190*q**2. Calculate i(-3).
-13
Let a(w) = w + 6. Let r = 15 + -10. Suppose -r*t + 24 = -3*t. Suppose -u = -t + 17. Determine a(u).
1
Let x(u) = 3181*u - 3179*u + 1 - 11. Calculate x(8).
6
Let a be (-6)/7 + (-485)/(-35). Let g(j) = -j + 7. Determine g(a).
-6
Let b(s) = 2*s**2 - 7*s + 1. Let q(k) = -5*k**2 + 20*k - 6. Let m(l) = -8*b(l) - 3*q(l). Suppose -4*v + 2 = 2*h + 12, 2*v = 2*h + 16. Calculate m(h).
-11
Let z(a) = -3 + 11 - 2 - 4*a + 3*a. Determine z(-10).
16
Let b = 51 + -30. Let v = 20 - b. Let y(r) = 5*r**3 + 2*r**2 - 1. Give y(v).
-4
Let d = -33 - -35. Let s(q) = 6*q - 4*q + 10 + 3*q**3 - 3*q - 2*q**3 - 7*q**d. Give s(7).
3
Let v = 200 - 206. Suppose 0 = -3*d + 3 + 3. Let q(a) = -a**3 - 2*a**3 + 0 - 3 + 2*a**3 - 7*a**d - 7*a. What is q(v)?
3
Suppose 245*d = 255*d - 180. Let u(m) = m**2 - 17*m - 11. What is u(d)?
7
Let r(q) be the first derivative of q**3/3 + 7*q**2/2 - q - 4. Let s(w) be the first derivative of w**2/2 + 4*w + 18. Let d be s(-10). Determine r(d).
-7
Let t(m) = -m + 6. Let y be 6/(3/(-6) + (-21)/(-14)). Give t(y).
0
Let a(m) = -m**3 - m**2. Let r(k) = -5*k**3 - 11*k**2 - 7*k - 6. Let p(w) = 4*a(w) - r(w). Let n be (9/(-6))/(-3)*46. Let v = n + -29. What is p(v)?
0
Let z(w) = 1. Let c(v) = v**2 + 7*v - 6. Let x be c(-7). Let p(g) = g**2 + 5*g - 8. Let i(f) = x*z(f) - p(f). What is i(-6)?
-4
Let w(l) = -l**2 - 9*l - 7. Let y be ((-92)/8)/((9/6)/(-3)). Suppose 4*g + y + 9 = 0. Determine w(g).
1
Suppose 66 + 259 = -25*r. Let a(g) = -g**2 - 16*g - 15. Calculate a(r).
24
Let a = 32 - 24. Let l(s) = a*s**2 - 5*s**2 + s - s**3 - 13*s**2 + 10. Give l(-10).
0
Let i = 2890 + -2885. Let n(u) = -u**3 + 5*u**2 + 5*u - 6. What is n(i)?
19
Let o(i) = -i**3 - 8*i**2 - 5*i + 1. Let h = -1855 - -1848. Calculate o(h).
-13
Let j(l) = 4*l - 5*l - 2*l + 2*l + 4. Suppose 0 = -m - 4*g + 4, -3*m - 4*g + 2 = -10. Suppose -3*y - 10 = -2*t, -2*y + 2 - 22 = -m*t. What is j(y)?
4
Let l(u) = -5*u - 2. Let q(r) = r**3 - 7*r**2 + 7*r - 8. Suppose 0 = 3*x - x - 5*m - 27, -5*m - 39 = -4*x. Let b be q(x). What is l(b)?
8
Let v(l) = 3*l**2 + 7*l - 9. Let j(x) = -3*x + 11*x - 9 + 4*x**2 + 0*x. Let k(n) = 2*j(n) - 3*v(n). Give k(-7).
-5
Let d(k) = 4*k**3 - 8*k + 8. Let r(z) = -11*z**3 + z**2 + 24*z - 25. Let l(t) = -8*d(t) - 3*r(t). Let n be l(4). Let y(c) = c**2 + 4*c + 5. Calculate y(n).
10
Let p(l) = l**3 + 8*l**2 + 3*l + 16. Let k be p(-8). Let u(t) = 2*t**2 - 6*t - 5. Let s(x) = 5*x**2 - 19*x - 15. Let n(q) = 3*s(q) - 8*u(q). What is n(k)?
3
Let u be -3*((-32)/(-12) + -4). Let m(v) = -v**3 + 3*v**2 + 2*v + 2. Let o be m(u). Let l be (16/o)/((-4)/6). Let c(s) = -s**2 + 7*s - 1. Determine c(l).
11
Let w(m) = -m**2 - 2*m + 6. Let a be 1/((-1)/(-2)*(-2)/5). Calculate w(a).
-9
Let l(w) = -w**2 + 3*w + 3. Suppose -24*a - 4*n - 20 = -26*a, -5*a + 2*n = -26. Determine l(a).
-1
Let a = -19 - -24. Let b(s) = 87 - 88 + a*s + 3*s - 4*s. Determine b(3).
11
Let z(o) = 0*o - 12 + o**2 - 6*o + 9*o + 8*o - 2*o**2. Give z(6).
18
Let s(n) = n - 1. Let a(p) = 3*p - 3. Let q(x) = -6*a(x) + 17*s(x). Let d be q(6). Let t = 1 + d. Let o(v) = -v**2 - 5*v - 1. What is o(t)?
3
Let i(y) = -32 + 4*y + 30 - 10*y - 8*y**2 + 2*y. Give i(-2).
-26
Let b(m) be the second derivative of m**5/20 + 5*m**4/12 + m**3/3 + 3*m**2 - m. Suppose -4*x + 229 = -171. Suppose -12*r = 8*r + x. What is b(r)?
-4
Let y(m) be the second derivativ